{"id":155,"date":"2026-04-28T17:28:21","date_gmt":"2026-04-28T15:28:21","guid":{"rendered":"https:\/\/wu-wei.pc-clock.com\/?page_id=155"},"modified":"2026-04-28T17:28:21","modified_gmt":"2026-04-28T15:28:21","slug":"pocetni-tecajevi","status":"publish","type":"page","link":"https:\/\/wu-wei.pc-clock.com\/?page_id=155","title":{"rendered":"Po\u010detni te\u010dajevi"},"content":{"rendered":"\n<h2 class=\"wp-block-heading\">Tai Chi forma 24 (2026)<\/h2>\n\n\n\n<h3 class=\"wp-block-heading\">Te\u010daj 1<\/h3>\n\n\n\n<p><strong>Po\u010detak:<\/strong> srijeda, 25.02.2026. u 17:00 sati<br>Potrebno: tenisice, sportska odje\u0107a, pi\u0107e<br>Tromjese\u010dni osnovni po\u010detni te\u010daj 24-forme, uklju\u010duju\u0107i video-materijale za vje\u017ebanje kod ku\u0107e.<br><strong>Cijena po mjesecu po polazniku:<\/strong> 50,00 \u20ac<br><br><em>Link &#8220;Prijavi se&#8221;<\/em><\/p>\n\n\n\n<hr class=\"wp-block-separator has-alpha-channel-opacity\"\/>\n\n\n\n<h3 class=\"wp-block-heading\">Te\u010daj 2<\/h3>\n\n\n\n<p><strong>Po\u010detak:<\/strong> srijeda, 09.09.2026. u 17:00 sati<br>Potrebno: tenisice, sportska odje\u0107a, pi\u0107e<br>Tromjese\u010dni osnovni po\u010detni te\u010daj 24-forme, uklju\u010duju\u0107i video-materijale za vje\u017ebanje kod ku\u0107e.<br><strong>Cijena po mjesecu po polazniku:<\/strong> 50,00 \u20ac<br><br><em>Link &#8220;Prijavi se&#8221;<\/em><\/p>\n","protected":false},"excerpt":{"rendered":"<p>Tai Chi forma 24 (2026) Te\u010daj 1 Po\u010detak: srijeda, 25.02.2026. u 17:00 satiPotrebno: tenisice, sportska odje\u0107a, pi\u0107eTromjese\u010dni osnovni po\u010detni te\u010daj 24-forme, uklju\u010duju\u0107i video-materijale za vje\u017ebanje kod ku\u0107e.Cijena po mjesecu po polazniku: 50,00 \u20ac Link &#8220;Prijavi se&#8221; Te\u010daj 2 Po\u010detak: srijeda, 09.09.2026. u 17:00 satiPotrebno: tenisice, sportska odje\u0107a, pi\u0107eTromjese\u010dni osnovni po\u010detni te\u010daj 24-forme, uklju\u010duju\u0107i video-materijale za [&hellip;]<\/p>\n","protected":false},"author":1,"featured_media":0,"parent":0,"menu_order":0,"comment_status":"closed","ping_status":"closed","template":"","meta":{"footnotes":""},"class_list":["post-155","page","type-page","status-publish","hentry"],"_links":{"self":[{"href":"https:\/\/wu-wei.pc-clock.com\/index.php?rest_route=\/wp\/v2\/pages\/155","targetHints":{"allow":["GET"]}}],"collection":[{"href":"https:\/\/wu-wei.pc-clock.com\/index.php?rest_route=\/wp\/v2\/pages"}],"about":[{"href":"https:\/\/wu-wei.pc-clock.com\/index.php?rest_route=\/wp\/v2\/types\/page"}],"author":[{"embeddable":true,"href":"https:\/\/wu-wei.pc-clock.com\/index.php?rest_route=\/wp\/v2\/users\/1"}],"replies":[{"embeddable":true,"href":"https:\/\/wu-wei.pc-clock.com\/index.php?rest_route=%2Fwp%2Fv2%2Fcomments&post=155"}],"version-history":[{"count":1,"href":"https:\/\/wu-wei.pc-clock.com\/index.php?rest_route=\/wp\/v2\/pages\/155\/revisions"}],"predecessor-version":[{"id":156,"href":"https:\/\/wu-wei.pc-clock.com\/index.php?rest_route=\/wp\/v2\/pages\/155\/revisions\/156"}],"wp:attachment":[{"href":"https:\/\/wu-wei.pc-clock.com\/index.php?rest_route=%2Fwp%2Fv2%2Fmedia&parent=155"}],"curies":[{"name":"wp","href":"https:\/\/api.w.org\/{rel}","templated":true}]}}