{"id":130,"date":"2026-04-27T17:52:45","date_gmt":"2026-04-27T15:52:45","guid":{"rendered":"https:\/\/wu-wei.pc-clock.com\/?page_id=130"},"modified":"2026-04-27T18:21:22","modified_gmt":"2026-04-27T16:21:22","slug":"seminari","status":"publish","type":"page","link":"https:\/\/wu-wei.pc-clock.com\/?page_id=130","title":{"rendered":"Seminari"},"content":{"rendered":"    <div class=\"wwhr-post-list\">\n            <article class=\"wwhr-post-card\">\n\n            \n            <div class=\"wwhr-post-body\">\n                \n                <h3 class=\"wwhr-post-title\">\n                                            <a href=\"https:\/\/wu-wei.pc-clock.com\/?p=141\">Seminar \u2013 dugi \u0161tap<\/a>\n                                    <\/h3>\n\n                <div class=\"wwhr-post-excerpt\">\n                    <p>Tai Chi dugi \u0161tap (tako\u0111er Taiji Gan, \u010desto pogre\u0161no nazivan \u201ekoplje\u201c) napredna je oru\u017eana forma u Taijiquanu, koja se prvenstveno prakticira u Yang i Chen stilu. Dok su bezoru\u017eane forme \u010desto vrlo duge, forma dugog \u0161tapa uglavnom je kratka i sa\u017eeta, jer prvenstveno slu\u017ei razvoju eksplozivne snage (Fa Jin) i koordinacije cijelog tijela. Na\u0161 seminar [&hellip;]<\/p>\n                <\/div>\n\n                                    <a href=\"https:\/\/wu-wei.pc-clock.com\/?p=141\" class=\"wwhr-readmore\">\n                        \u010citaj vi\u0161e <i class=\"fa-solid fa-arrow-right\"><\/i>\n                    <\/a>\n                            <\/div>\n\n        <\/article>\n            <article class=\"wwhr-post-card\">\n\n            \n            <div class=\"wwhr-post-body\">\n                \n                <h3 class=\"wwhr-post-title\">\n                                            <a href=\"https:\/\/wu-wei.pc-clock.com\/?p=139\">Seminar \u2013 pojedina\u010dni kratki \u0161tap<\/a>\n                                    <\/h3>\n\n                <div class=\"wwhr-post-excerpt\">\n                    <p>Forma pojedina\u010dnog kratkog \u0161tapa pro\u0161iruje Taijiquan bogatim sustavom borbe \u0161tapom kroz svoju kompaktnu borbenu primjenu. Povezuje energetski centar Dantian sa svim dijelovima tijela te kombinira tvrdo i meko, brzo i sporo, opu\u0161tanje i ja\u010danje, mir i pokret. Pojedina\u010dne figure stapaju se u neprekinuti tok unutarnje energije koja se sna\u017eno izra\u017eava prema van. Na\u0161 seminar pojedina\u010dnog [&hellip;]<\/p>\n                <\/div>\n\n                                    <a href=\"https:\/\/wu-wei.pc-clock.com\/?p=139\" class=\"wwhr-readmore\">\n                        \u010citaj vi\u0161e <i class=\"fa-solid fa-arrow-right\"><\/i>\n                    <\/a>\n                            <\/div>\n\n        <\/article>\n            <article class=\"wwhr-post-card\">\n\n            \n            <div class=\"wwhr-post-body\">\n                \n                <h3 class=\"wwhr-post-title\">\n                                            <a href=\"https:\/\/wu-wei.pc-clock.com\/?p=137\">Nei Gong<\/a>\n                                    <\/h3>\n\n                <div class=\"wwhr-post-excerpt\">\n                    <p>Harmonizacija tijela \u2013 uma \u2013 energije. U\u010denje osje\u0107anja unutarnjeg Qi-ja i otpu\u0161tanja blokada kroz meditativne tehnike.Nei Gong je temeljni dio unutarnjih borila\u010dkih vje\u0161tina i nudimo ga kao jednodnevni seminar. (Slike) Jednodnevni seminari: Mjesto: Dru\u0161tveni dom Baj\u010di\u0107i, Nenadi\u0107i, 51500 Krk \u2013 po lijepom vremenu na otvorenom Potrebno: sportska odje\u0107a, tenisice, pi\u0107e i vlastita prehrana Ciljna skupina [&hellip;]<\/p>\n                <\/div>\n\n                                    <a href=\"https:\/\/wu-wei.pc-clock.com\/?p=137\" class=\"wwhr-readmore\">\n                        \u010citaj vi\u0161e <i class=\"fa-solid fa-arrow-right\"><\/i>\n                    <\/a>\n                            <\/div>\n\n        <\/article>\n            <article class=\"wwhr-post-card\">\n\n                            <div class=\"wwhr-post-thumb\">\n                                            <a href=\"https:\/\/wu-wei.pc-clock.com\/?p=134\"><img loading=\"lazy\" decoding=\"async\" width=\"177\" height=\"266\" src=\"https:\/\/wu-wei.pc-clock.com\/wp-content\/uploads\/2026\/04\/Leminski.jpg\" class=\"attachment-medium_large size-medium_large wp-post-image\" alt=\"\" \/><\/a>\n                                    <\/div>\n            \n            <div class=\"wwhr-post-body\">\n                \n                <h3 class=\"wwhr-post-title\">\n                                            <a href=\"https:\/\/wu-wei.pc-clock.com\/?p=134\">Ekskluzivni seminar<\/a>\n                                    <\/h3>\n\n                <div class=\"wwhr-post-excerpt\">\n                    <p>Voditelj Wu Wei grupe Europa, autor knjiga, mentor, predstavnik Xiang Wu Hui Hamburga i iznimna osoba. Nedjelja, 20.09.2026. od 10:00 do 16:30 sati (1 sat pauze za ru\u010dak) 1. dio seminara Za sve zainteresirane \/ po\u010detnike i iskusne u Tai Chi Quanu, kao i za sve ostale borila\u010dke umjetnike koji \u017eele pobolj\u0161ati dr\u017eanje, disanje, snagu [&hellip;]<\/p>\n                <\/div>\n\n                                    <a href=\"https:\/\/wu-wei.pc-clock.com\/?p=134\" class=\"wwhr-readmore\">\n                        \u010citaj vi\u0161e <i class=\"fa-solid fa-arrow-right\"><\/i>\n                    <\/a>\n                            <\/div>\n\n        <\/article>\n        <\/div>\n    \n","protected":false},"excerpt":{"rendered":"","protected":false},"author":1,"featured_media":0,"parent":0,"menu_order":0,"comment_status":"closed","ping_status":"closed","template":"","meta":{"footnotes":""},"class_list":["post-130","page","type-page","status-publish","hentry"],"_links":{"self":[{"href":"https:\/\/wu-wei.pc-clock.com\/index.php?rest_route=\/wp\/v2\/pages\/130","targetHints":{"allow":["GET"]}}],"collection":[{"href":"https:\/\/wu-wei.pc-clock.com\/index.php?rest_route=\/wp\/v2\/pages"}],"about":[{"href":"https:\/\/wu-wei.pc-clock.com\/index.php?rest_route=\/wp\/v2\/types\/page"}],"author":[{"embeddable":true,"href":"https:\/\/wu-wei.pc-clock.com\/index.php?rest_route=\/wp\/v2\/users\/1"}],"replies":[{"embeddable":true,"href":"https:\/\/wu-wei.pc-clock.com\/index.php?rest_route=%2Fwp%2Fv2%2Fcomments&post=130"}],"version-history":[{"count":2,"href":"https:\/\/wu-wei.pc-clock.com\/index.php?rest_route=\/wp\/v2\/pages\/130\/revisions"}],"predecessor-version":[{"id":136,"href":"https:\/\/wu-wei.pc-clock.com\/index.php?rest_route=\/wp\/v2\/pages\/130\/revisions\/136"}],"wp:attachment":[{"href":"https:\/\/wu-wei.pc-clock.com\/index.php?rest_route=%2Fwp%2Fv2%2Fmedia&parent=130"}],"curies":[{"name":"wp","href":"https:\/\/api.w.org\/{rel}","templated":true}]}}