{"id":119,"date":"2026-04-27T14:37:56","date_gmt":"2026-04-27T12:37:56","guid":{"rendered":"https:\/\/wu-wei.pc-clock.com\/?page_id=119"},"modified":"2026-04-27T14:37:57","modified_gmt":"2026-04-27T12:37:57","slug":"tui-shou-pushing-hands","status":"publish","type":"page","link":"https:\/\/wu-wei.pc-clock.com\/?page_id=119","title":{"rendered":"Tui Shou (Pushing Hands)"},"content":{"rendered":"\n<p>Razigrano osje\u0107anje i reagiranje na snagu partnera kako bi se razumjeli Yin (pasivnost) i Yang (aktivnost). S jednom rukom, s obje ruke, stoje\u0107i ili s koracima.<\/p>\n\n\n\n<p><strong>Ciljevi:<\/strong> razvoj vo\u0111enja, pra\u0107enja, prianjanja, neutralizacije te ja\u010danje vlastitog centra i uzemljenja.<\/p>\n\n\n\n<p><strong>Ciljna skupina<\/strong><br>Od po\u010detnika<\/p>\n\n\n\n<p><strong>Namijenjeno<\/strong><br>Borila\u010dkim umjetnicima<\/p>\n\n\n\n<p>Tui Shou je sastavni dio na\u0161eg Tai Chi treninga srijedom, ali se mo\u017ee <strong>zasebno rezervirati kao jednodnevni seminar<\/strong>!<\/p>\n\n\n\n<h3 class=\"wp-block-heading\">Za\u0161to su partnerske forme va\u017ene:<\/h3>\n\n\n\n<ul class=\"wp-block-list\">\n<li><strong>Biofeedback:<\/strong> partner daje povratnu informaciju jesu li principi (ravnote\u017ea, uspravnost, centar) zaista primijenjeni<\/li>\n\n\n\n<li><strong>Usavr\u0161avanje:<\/strong> omogu\u0107uju preciziranje vlastitih pokreta i prepoznavanje slabosti<\/li>\n\n\n\n<li><strong>Razvoj:<\/strong> temelj su za primjenu Tai Chija kao borila\u010dke i samoobrambene vje\u0161tine te poti\u010du unutarnju snagu (Nei Jin)<\/li>\n\n\n\n<li><strong>Zajedni\u0161tvo:<\/strong> poti\u010du svjesnost i me\u0111usobnu pomo\u0107 umjesto natjecanja<\/li>\n<\/ul>\n\n\n\n<p><em>Link &#8220;Prijavi se&#8221;<\/em><\/p>\n","protected":false},"excerpt":{"rendered":"<p>Razigrano osje\u0107anje i reagiranje na snagu partnera kako bi se razumjeli Yin (pasivnost) i Yang (aktivnost). S jednom rukom, s obje ruke, stoje\u0107i ili s koracima. Ciljevi: razvoj vo\u0111enja, pra\u0107enja, prianjanja, neutralizacije te ja\u010danje vlastitog centra i uzemljenja. Ciljna skupinaOd po\u010detnika NamijenjenoBorila\u010dkim umjetnicima Tui Shou je sastavni dio na\u0161eg Tai Chi treninga srijedom, ali se [&hellip;]<\/p>\n","protected":false},"author":1,"featured_media":0,"parent":0,"menu_order":0,"comment_status":"closed","ping_status":"closed","template":"","meta":{"footnotes":""},"class_list":["post-119","page","type-page","status-publish","hentry"],"_links":{"self":[{"href":"https:\/\/wu-wei.pc-clock.com\/index.php?rest_route=\/wp\/v2\/pages\/119","targetHints":{"allow":["GET"]}}],"collection":[{"href":"https:\/\/wu-wei.pc-clock.com\/index.php?rest_route=\/wp\/v2\/pages"}],"about":[{"href":"https:\/\/wu-wei.pc-clock.com\/index.php?rest_route=\/wp\/v2\/types\/page"}],"author":[{"embeddable":true,"href":"https:\/\/wu-wei.pc-clock.com\/index.php?rest_route=\/wp\/v2\/users\/1"}],"replies":[{"embeddable":true,"href":"https:\/\/wu-wei.pc-clock.com\/index.php?rest_route=%2Fwp%2Fv2%2Fcomments&post=119"}],"version-history":[{"count":1,"href":"https:\/\/wu-wei.pc-clock.com\/index.php?rest_route=\/wp\/v2\/pages\/119\/revisions"}],"predecessor-version":[{"id":120,"href":"https:\/\/wu-wei.pc-clock.com\/index.php?rest_route=\/wp\/v2\/pages\/119\/revisions\/120"}],"wp:attachment":[{"href":"https:\/\/wu-wei.pc-clock.com\/index.php?rest_route=%2Fwp%2Fv2%2Fmedia&parent=119"}],"curies":[{"name":"wp","href":"https:\/\/api.w.org\/{rel}","templated":true}]}}