{"id":110,"date":"2026-04-27T14:34:01","date_gmt":"2026-04-27T12:34:01","guid":{"rendered":"https:\/\/wu-wei.pc-clock.com\/?page_id=110"},"modified":"2026-04-27T14:34:02","modified_gmt":"2026-04-27T12:34:02","slug":"oruzane-forme","status":"publish","type":"page","link":"https:\/\/wu-wei.pc-clock.com\/?page_id=110","title":{"rendered":"Oru\u017eane forme"},"content":{"rendered":"\n<h3 class=\"wp-block-heading\">Tai Chi dugi \u0161tap<\/h3>\n\n\n\n<p><em>(slika dugog \u0161tapa)<\/em><\/p>\n\n\n\n<p><strong>Tai Chi dugi \u0161tap<\/strong> (tako\u0111er <em>Taiji Gan<\/em>, \u010desto pogre\u0161no nazivan \u201ekoplje\u201c) napredna je oru\u017eana forma u Tai Chi Quanu, koja se prvenstveno prakticira u <strong>Yang<\/strong> i <strong>Chen<\/strong> stilu. Dok su bezoru\u017eane forme \u010desto vrlo duge, forma dugog \u0161tapa je uglavnom <strong>kratka i sa\u017eeta<\/strong>, jer prvenstveno slu\u017ei razvoju eksplozivne snage (<em>Fa Jin<\/em>) i koordinacije cijelog tijela.<\/p>\n\n\n\n<p><strong>Ciljna skupina<\/strong><\/p>\n\n\n\n<p>Po\u010detnici do naprednih<\/p>\n\n\n\n<p><strong>Namijenjeno<\/strong><br>Borila\u010dkim umjetnicima i zainteresiranima za oru\u017eane forme<\/p>\n\n\n\n<p>Djeca \/ mladi od 16 godina<\/p>\n\n\n\n<p>Forma dugog \u0161tapa sastavni je dio na\u0161eg Tai Chi treninga srijedom i mo\u017ee se <strong>zasebno rezervirati kao seminar u vi\u0161e blokova<\/strong>!<\/p>\n\n\n\n<p><em>Link &#8220;Prijavi se&#8221;<\/em><\/p>\n\n\n\n<h3 class=\"wp-block-heading\">Kratki \u0161tap \u2013 pojedina\u010dno \/ dvostruko<\/h3>\n\n\n\n<p><em>(slike)<\/em><\/p>\n\n\n\n<p>Jednostruke i dvostruke forme kratkog \u0161tapa pro\u0161iruju Taijiquan bogatim sustavom borbe \u0161tapom kroz svoju kompaktnu borbenu primjenu. Povezuju energetski centar Dantian sa svim dijelovima tijela te kombiniraju tvrdo i meko, brzo i sporo, opu\u0161tanje i ja\u010danje, mir i pokret. Pojedina\u010dne figure povezuju se u neprekinuti tok unutarnje energije koja se sna\u017eno izra\u017eava prema van.<\/p>\n\n\n\n<p><strong>Ciljna skupina<\/strong><\/p>\n\n\n\n<p>Po\u010detnici do naprednih<\/p>\n\n\n\n<p><strong>Namijenjeno<\/strong><br>Borila\u010dkim umjetnicima i zainteresiranima za oru\u017eane forme<\/p>\n\n\n\n<ul class=\"wp-block-list\">\n<li>Djeca od 12 godina \u2013 kratki \u0161tap (pojedina\u010dna forma)<\/li>\n\n\n\n<li>Forma kratkog \u0161tapa \u2013 pojedina\u010dno sastavni je dio na\u0161eg Tai Chi treninga srijedom i mo\u017ee se <strong>zasebno rezervirati kao seminar u vi\u0161e blokova<\/strong><\/li>\n\n\n\n<li>Forma kratkog \u0161tapa \u2013 <strong>dvostruko<\/strong>, s borbenim primjenama, <strong>nije<\/strong> dio Tai Chi treninga srijedom, ali se mo\u017ee <strong>rezervirati kao seminar u vi\u0161e blokova<\/strong>.<\/li>\n<\/ul>\n\n\n\n<p><strong>Preduvjet:<\/strong> savladana forma pojedina\u010dnog kratkog \u0161tapa.<\/p>\n\n\n\n<p><em>Link &#8220;Prijavi se&#8221;<\/em><\/p>\n\n\n\n<h2 class=\"wp-block-heading\">Forma sa sabljom<\/h2>\n\n\n\n<p><em>(Slike)<\/em><\/p>\n\n\n\n<p>Oru\u017eane forme Taijiquana predstavljaju krunu Taiji formi. Kori\u0161tenjem oru\u017eja u ruci (npr. sablje) vje\u017eba\u010d je prakti\u010dno \u201eprisiljen\u201c izvoditi Taiji pokrete u njihovom izvornom zna\u010denju \u2013 kao borila\u010dku vje\u0161tinu. Precizna i skladna koordinacija razli\u010ditih pokreta predstavlja poseban izazov.<\/p>\n\n\n\n<p>Ova forma prikazuje <strong>cjelokupnu tradicionalnu Yang-stil Taiji formu sa sabljom<\/strong>.<\/p>\n\n\n\n<p><strong>Ciljna skupina<\/strong><\/p>\n\n\n\n<p>Po\u010detnici do naprednih<\/p>\n\n\n\n<p><strong>Namijenjeno<\/strong><br>Borila\u010dkim umjetnicima i zainteresiranima za oru\u017eane forme<\/p>\n\n\n\n<p>Djeca \/ mladi od 12 godina<\/p>\n\n\n\n<p>Forma sa sabljom sastavni je dio na\u0161eg Tai Chi treninga srijedom i mo\u017ee se <strong>zasebno rezervirati kao seminar u vi\u0161e blokova<\/strong>!<\/p>\n\n\n\n<p><em>Link &#8220;Prijavi se&#8221;<\/em><\/p>\n\n\n\n<h2 class=\"wp-block-heading\">Lepezaste forme 21 \/ 42<\/h2>\n\n\n\n<p><em>(Slike)<\/em><\/p>\n\n\n\n<p>Primjena lepeze nagla\u0161ava estetiku i gracioznost ove umjetnosti kretanja. Ove dvije lepezaste forme integriraju sve osnovne elemente Taijiquana (dr\u017eanje tijela, korake i pokrete ruku).<\/p>\n\n\n\n<p><strong>Ciljna skupina<\/strong><\/p>\n\n\n\n<p>Po\u010detnici do naprednih<\/p>\n\n\n\n<p><strong>Namijenjeno<\/strong><br>Borila\u010dkim umjetnicima i zainteresiranima za oru\u017eane forme<\/p>\n\n\n\n<p>Mladi od 16 godina<\/p>\n\n\n\n<p>Lepezasta forma 21 sastavni je dio na\u0161eg Tai Chi treninga srijedom i mo\u017ee se <strong>zasebno rezervirati kao seminar u vi\u0161e blokova<\/strong>!<\/p>\n\n\n\n<p>Lepezasta forma 42 mo\u017ee se <strong>isklju\u010divo zasebno rezervirati kao seminar u vi\u0161e blokova<\/strong>!<\/p>\n\n\n\n<p><em>Link &#8220;Prijavi se&#8221;<\/em><\/p>\n","protected":false},"excerpt":{"rendered":"<p>Tai Chi dugi \u0161tap (slika dugog \u0161tapa) Tai Chi dugi \u0161tap (tako\u0111er Taiji Gan, \u010desto pogre\u0161no nazivan \u201ekoplje\u201c) napredna je oru\u017eana forma u Tai Chi Quanu, koja se prvenstveno prakticira u Yang i Chen stilu. Dok su bezoru\u017eane forme \u010desto vrlo duge, forma dugog \u0161tapa je uglavnom kratka i sa\u017eeta, jer prvenstveno slu\u017ei razvoju eksplozivne [&hellip;]<\/p>\n","protected":false},"author":1,"featured_media":0,"parent":0,"menu_order":0,"comment_status":"closed","ping_status":"closed","template":"","meta":{"footnotes":""},"class_list":["post-110","page","type-page","status-publish","hentry"],"_links":{"self":[{"href":"https:\/\/wu-wei.pc-clock.com\/index.php?rest_route=\/wp\/v2\/pages\/110","targetHints":{"allow":["GET"]}}],"collection":[{"href":"https:\/\/wu-wei.pc-clock.com\/index.php?rest_route=\/wp\/v2\/pages"}],"about":[{"href":"https:\/\/wu-wei.pc-clock.com\/index.php?rest_route=\/wp\/v2\/types\/page"}],"author":[{"embeddable":true,"href":"https:\/\/wu-wei.pc-clock.com\/index.php?rest_route=\/wp\/v2\/users\/1"}],"replies":[{"embeddable":true,"href":"https:\/\/wu-wei.pc-clock.com\/index.php?rest_route=%2Fwp%2Fv2%2Fcomments&post=110"}],"version-history":[{"count":1,"href":"https:\/\/wu-wei.pc-clock.com\/index.php?rest_route=\/wp\/v2\/pages\/110\/revisions"}],"predecessor-version":[{"id":111,"href":"https:\/\/wu-wei.pc-clock.com\/index.php?rest_route=\/wp\/v2\/pages\/110\/revisions\/111"}],"wp:attachment":[{"href":"https:\/\/wu-wei.pc-clock.com\/index.php?rest_route=%2Fwp%2Fv2%2Fmedia&parent=110"}],"curies":[{"name":"wp","href":"https:\/\/api.w.org\/{rel}","templated":true}]}}